 = -2 - 2 + 44*n - 49*n + 3. Calculate i(l).
-11
Let b(a) be the third derivative of a**6/120 + a**5/15 + 5*a**4/24 + a**3/3 - 38*a**2. Calculate b(-3).
-4
Let q(f) = 2*f**2 + f + 1. Let n = 18 - 20. Give q(n).
7
Let f(t) = -t**3 - 4*t**2 - 2*t + 1. Let b be 4*((-21)/6 - -3). Determine f(b).
-3
Let m = -6 - -11. Let t(q) = -3*q**2 - 10*q + 1. Let w(c) = -8*c**2 - 29*c + 2. Let s(b) = 11*t(b) - 4*w(b). What is s(m)?
8
Let x = -5 - -7. Let o(k) = 5*k**2 - 16*k + 16. Let g(v) = -v**2 + 3*v - 3. Let t(b) = 11*g(b) + 2*o(b). Let n(w) be the first derivative of t(w). What is n(x)?
-3
Let w(h) = -3*h**3 + 8*h**2 + 9*h + 5. Let y(i) = 10*i**3 - 25*i**2 - 28*i - 15. Let t(v) = 7*w(v) + 2*y(v). Determine t(7).
5
Suppose -3*l = -l - 5*s - 28, -5*l + 3*s + 32 = 0. Let x(b) be the first derivative of b**2 - 4. What is x(l)?
8
Let b(u) be the third derivative of -u**8/6720 - u**7/2520 + u**6/720 - u**5/120 - u**4/24 + 5*u**2. Let q(o) be the second derivative of b(o). Calculate q(-2).
1
Let v(o) = -o + 2. Let s(z) = z**2 - 14*z + 6. Let m be s(14). Let a = -9 + m. Give v(a).
5
Let w be (2 - -2)*3*(-2)/6. Let m(f) = 0 + 2 + 2 - f**2 - 4*f. Let d be m(w). Let u(k) = 3*k - 6. Calculate u(d).
6
Let o(r) = -r**2 - r + 1. Suppose -i = 5*z + 1 - 3, -5*i + 10 = -4*z. Let q be 1*(0 + z/2). Determine o(q).
1
Let v(b) = -8*b**3 + b**2 - 2*b + 1. Suppose 0*p + 2*p = w - 13, -p - 14 = -2*w. Suppose n + 4 = w. Calculate v(n).
-8
Let r(x) = -x**2 + 9*x - 8. Let n = 8 - 1. Determine r(n).
6
Let b be (-1)/4 - (-33)/(-12). Let r(z) be the first derivative of -3*z**2/2 - 3*z + 1. Calculate r(b).
6
Let s be (-1 + -1)/(-1) - 4. Let z(l) = -l**2 + 2*l + 3. Calculate z(s).
-5
Let v(g) = 12*g**3 - 2*g + 1. Suppose 3*o = 7*o + 2*u, -4*o = -5*u - 14. Calculate v(o).
11
Let b(k) = -k**2 + 5*k + 4. Let f be b(5). Let v(u) = -u**3 + 2*u**2 - f*u + 2*u + u. Determine v(2).
-2
Let d be 6/(-3) - 12/6. Let g(i) = -2*i**2 - 6*i. Give g(d).
-8
Let k = 4 - -3. Let q(n) = n**3 - 8*n**2 + 8*n - 7. What is q(k)?
0
Suppose 16 = 4*x, 2*t - 4*t - 4*x = -10. Let i(q) = 3*q**2 + 3*q + 4. Let a(u) = -4*u**2 - 3*u - 4. Let w(h) = 2*a(h) + 3*i(h). Give w(t).
4
Let v(p) = 4*p**3 - 3*p**3 + 20 + 6*p**2 - 22 - 3*p**2. Suppose 0 = 2*f + f + 15, 0 = -5*q + 2*f. What is v(q)?
2
Let g(v) = -v**2 + v - 4. Let s(l) be the first derivative of l**2/2 + 12*l - 8. Let t(f) = -2*f - 1. Let c be t(4). Let d be s(c). What is g(d)?
-10
Let h(m) = 0*m + 11 - 11 + m + 3. What is h(-6)?
-3
Let f(n) be the first derivative of n**2/2 - 10*n - 3. What is f(8)?
-2
Let h(f) = f**3 + 2*f**2 + 2. Let s be (18/8)/(18/(-96)). Let w be 3 + s/8*4. What is h(w)?
-7
Let y(u) = -4*u**2 + 15*u - 13. Let b(k) = -k**2 + 5*k - 4. Let o(l) = 7*b(l) - 2*y(l). Suppose 0 = 3*x - 6, 2*x - x + 18 = -5*v. Determine o(v).
-6
Let f(s) be the second derivative of s**4/12 - 7*s**3/6 + 7*s**2/2 + 3*s. Let h = 8 - 2. Determine f(h).
1
Suppose 4*p = -0*p. Let d(i) = -i + p*i + 6 - i. Suppose -k - 3*k = -16. What is d(k)?
-2
Let f = 3 + -1. Suppose -k = f*c + 3 - 9, -2*k = 5*c - 12. Let j(g) = -2*g - k + 3*g - 2*g - 1. Give j(0).
-7
Let r(j) = -j**2 + 4*j + 3. Let m = -5 - -2. Let c be (1/2)/(m/6). Let b be (1/3)/(c/(-12)). Determine r(b).
3
Let y(k) = -k**2 - k - 1. Suppose -7*d = -3*d - 32. Let n be (d/6)/(16/(-24)). Give y(n).
-3
Let c(q) = 13*q - 10. Let n(l) = -7*l + 5. Let b(s) = -6*c(s) - 11*n(s). Suppose 4*k - y - 15 = 0, -3*y - 3 = 5*k - 26. Determine b(k).
1
Suppose -27*r + 29*r = 2. Let j(k) = -6*k**3 - k**2 + k - 1. Calculate j(r).
-7
Let b = -13 - -16. Let j(x) = 0*x**3 - 7 + b*x + 0 - x**2 - x**3 - 3*x**2. Determine j(-5).
3
Let j(r) = 3*r - 19. Let g(v) = -v**3 - 5*v**2 - 3*v - 7. Let s be g(-5). Let o be j(s). Let w(d) = -2*d - 4. Give w(o).
-14
Let t(h) = -h + 10. Let y be t(7). Let k be 0 + y + -4 + 6. Let v(r) = r - 11. Determine v(k).
-6
Let x(t) be the second derivative of t**4/6 + t**3/2 - 3*t**2/2 - 11*t. What is x(-3)?
6
Let v(c) = c**3 + 3*c**2 - 4*c + 2. Suppose -p + 6 = -2*i + 14, 2*i = -3*p + 24. Let o = -10 + i. Determine v(o).
2
Let i be (-1)/2*(2 - 8). Suppose -3*s - s + 18 = -2*z, 2*s - 19 = i*z. Suppose 4*w - 5*d + 25 = 0, -s*w - 7 = -w - 2*d. Let j(r) = -r - 4. Determine j(w).
1
Let t(w) = w**2 - 4*w. Let i(b) = 4*b**2 - 13*b - 1. Let c(d) = -2*i(d) + 7*t(d). Calculate c(2).
-6
Let u(i) be the first derivative of -2*i**3/3 + 5*i**2/2 + 4*i - 4. What is u(4)?
-8
Let y(b) = -13*b**3 - 2*b**2 - b. Suppose 3*k + 0 = -3. Give y(k).
12
Let k(p) = 5*p - 1. Let j(r) = -10*r + 3. Let g(x) = -2*j(x) - 5*k(x). Suppose 3*m - 10 = -3*u + 5, 14 = 4*u + 2*m. Give g(u).
-11
Suppose 3 = 3*u + 9. Let r(z) = -z**2 + 2. What is r(u)?
-2
Let l(c) = c + 3. Suppose 25 = -f + 6*f. Suppose 2*j + k = 0, 4*k = -f*j + 7*k. Let d be (6 - 1)/(j + 1). What is l(d)?
8
Let n(k) = k**3 + k**2 + k - 1. Let r(p) = -6*p**3 - 11*p**2 - 6*p + 7. Let c(l) = -5*n(l) - r(l). What is c(-6)?
-8
Let j(q) = 7 + q**2 + q - 4*q - 7*q**2 - q**3. Let t be (2/(-4))/((-4)/(-40)). Calculate j(t).
-3
Let a(i) = -i**2 - 3*i + 2. Let y be a(-4). Let w(t) = 3*t + 1. Let k be w(y). Let q(f) = -f + 1. Let h(z) = -7*z + 5. Let x(b) = -h(b) + 6*q(b). Give x(k).
-4
Let f(b) = -2*b + 4. Let o be f(-1). Let m(x) = -x**2 + 9*x + 1. Calculate m(o).
19
Let m(t) = -t**3 - 3*t**2 - 10*t + 7. Let g(s) = -3*s**3 - 5*s**2 - 21*s + 13. Let x(v) = -2*g(v) + 5*m(v). Calculate x(6).
-3
Let y be 21/28 + 78/(-8). Let j(h) = 5*h + 3. Let w(n) = -2*n - 2. Let k(f) = y*w(f) - 4*j(f). Calculate k(5).
-4
Let x(g) be the second derivative of -g**5/20 + 7*g**4/12 - 4*g**3/3 + 2*g**2 - 20*g. Determine x(5).
14
Let u(w) = -w - 4. Let l(c) = -c**2 + 2*c**2 - 8*c + 5 + c. Let o be l(7). Let k(m) = 2*m + 5. Let i(q) = o*k(q) + 6*u(q). Calculate i(1).
5
Let w(l) = -l**2 + 6*l + 2. Suppose -1 - 7 = -2*y. Let g(s) = 8*s**2 - 4*s + 2. Let q be g(2). Suppose 0*z + 29 = y*o - 3*z, 4*o = 2*z + q. Give w(o).
7
Suppose -l - 6 = -2*l + 3*d, 3*l + 2*d = -26. Let t(x) = -2*x**2 + 0*x**3 + 6*x - 3 + 9*x**2 + x**3 - 5. Calculate t(l).
-8
Let t be (0 - -3) + 3 + -4. Let n(v) be the first derivative of -v**2/2 - 8. Determine n(t).
-2
Let k(g) = -g**3 - 4*g**2 - 2*g - 6. Let h be (6/(-4))/(3/(-6)). Suppose 2*v + 5*q + h = -15, -4*q = 8. What is k(v)?
2
Let b(k) be the first derivative of k**5/60 - k**4/3 + 5*k**3/6 + 2*k**2 + 1. Let o(u) be the second derivative of b(u). Calculate o(4).
-11
Let k(o) be the second derivative of -o**7/2520 - o**6/144 - o**5/24 - o**4/12 - o. Let b(w) be the third derivative of k(w). Let g = -8 + 3. Calculate b(g).
-5
Let q be 1/((-14)/49 - 22/(-28)). Let f(d) be the first derivative of -1/2*d**4 + 0*d**2 + q*d + 1 - d**3. Give f(-2).
6
Let x(p) = -p + 6. Let j be x(4). Suppose -3*i + 7*i - 3*s = -4, 14 = 3*i + j*s. Let b(q) = -q + 1. Give b(i).
-1
Let v(c) be the second derivative of -c**3/2 + 2*c**2 - 3*c. Suppose -2*a - 1 + 9 = 0. Calculate v(a).
-8
Let l(v) = 2*v**2 + 9*v + 3. Let q(c) = c**2 + c + 1. Let p be 3*(6/(-3))/2. Let d(s) = p*q(s) + l(s). Let f be d(6). Let z(i) = i**2 - i - 6. What is z(f)?
-6
Let t be (15/12)/1 + (-1)/4. Let w(r) = -6*r**3 + r - 1. Determine w(t).
-6
Let y(w) = 3*w + 2. Let m be y(-1). Let l(o) = -3*o + o - o. What is l(m)?
3
Let b(j) be the second derivative of -j**4/12 + j**3/6 + j**2/2 + 32*j. Give b(-2).
-5
Let z = 21 - 26. Let x(t) = t**2 + 7*t + 7. Calculate x(z).
-3
Let u = 3 + -7. Let s(h) = h**2. Let n(t) = 2*t**2 - 4*t - 1. Let j(c) = c**3 - c**2 - 2*c + 3. Let r be j(2). Let v(p) = r*s(p) - n(p). What is v(u)?
1
Let g be (-26)/4 - 2/(-4). Let m be 3/2 + (-3)/g. Let t(o) = o**3 + 4*o + 0*o**3 - 2*o - 3 - 3*o**2. Calculate t(m).
-3
Let g be (3/6)/((-100)/(-48) + -2). Let s(f) be the first derivative of 3/2*f**2 + 4 - g*f. Calculate s(4).
6
Let f(k) be the first derivative of -2*k**3/3 - k**2/2 + 3*k + 22. Let d be 4/(-4) - (-2)/(-1). What is f(d)?
-12
Let f(u) = -4*u - 8. Let b(l) = l + 2. Let z(d) = 26*b(d) + 6*f(d). Let x be ((-25)/(-10))/(2/(-4)). What is z(x)?
-6
Let u be 5*(-12)/(-50)*-5. Let g(q) = -q**2 - 9*q - 4. Calculate g(u).
14
Suppose 2 = o - 0. Let a(s) = 2*s**2 - 4 - 4*s**o + 2*s + 10 - 7. Determine a(1).
-1
Let a(n) = 3 - 2*n - 3 + 7 + 0*n. Let z be 4/(-10) + (-81)/(-15). Give a(z).
-3
Let c(j) = j - 2. Let n be c(6). Let d = n + -3.